remainder when 105 is divided by h?
1
Suppose 5*c + 2*l = 130 - 45, 4*l - 34 = -2*c. Suppose 2*a - c - 83 = 0. Calculate the remainder when a is divided by 13.
11
Let q(d) = -d**2 - 15*d - 45. Let m be q(-11). Calculate the remainder when 143 is divided by 21 + m + (4 - 0).
23
Suppose -5*p - 6 = 14. Let c be -2 - -74*p/(-8). Suppose -4*j + 9 + c = 0. Calculate the remainder when 54 is divided by j.
10
Suppose -8*z = -12*z - 108. Let d = -13 - z. Calculate the remainder when 27 is divided by d.
13
Calculate the remainder when 7 is divided by 4/12 + (-15)/(-9).
1
What is the remainder when (-1102 - -2)/(48/(-120)) is divided by 16?
14
Let b = -1 - -7. Suppose -b - 2 = -4*j. What is the remainder when j/(-6) + 246/9 is divided by 7?
6
Let u(s) = 13*s + 43. What is the remainder when u(-1) is divided by 17?
13
Suppose 65*m = 2128 + 147. What is the remainder when 203 is divided by m?
28
Let o = -13 - -16. Suppose 3*f - 256 = 2*y, o*f - 2*y + 260 = 6*f. Calculate the remainder when f - -7 - (3 + -1) is divided by 31.
29
Let l = 161 - 87. Suppose -l = -4*o - 2. What is the remainder when o is divided by 10?
8
Let s be 12/(-18) + 4/6. Suppose 5*d - 4*l - 261 = -0*d, -d - l + 45 = s. Calculate the remainder when d is divided by 17.
15
Let p(q) = 0*q**2 - 2 + 2*q**2 - 8*q - 3. Let m be (-30)/(-4) - (-4)/(-8). What is the remainder when p(m) is divided by 13?
11
Let y = -185 - -308. Suppose 3*m - 36*h + 34*h - 83 = 0, -4*h - 104 = -4*m. Calculate the remainder when y is divided by m.
30
Let w = 23 + -22. Let r = w - -2. Suppose -r*n + 2*n = -67. What is the remainder when n is divided by 17?
16
Let m = 7 - 11. Calculate the remainder when (-116)/6*(22/(-4) - m) is divided by 10.
9
Let z(g) = 5*g**2 - 12*g + 27. What is the remainder when 107 is divided by z(3)?
35
Suppose -2*c = 2*c - 2*z - 14, 5*z = 3*c - 21. Suppose 0 = 5*o - 4*p - 141, -2*o + 62 = -4*p + p. Calculate the remainder when o is divided by (-6)/(0 - c/3).
7
Let v = 982 - 680. What is the remainder when v is divided by 16?
14
Suppose 5*c - i - 192 = -33, -5*c = 3*i - 143. Calculate the remainder when 338 is divided by c.
28
Suppose -26*t + 181 = -79. Calculate the remainder when 159 is divided by t.
9
Let u be (8/36)/(1/9). Calculate the remainder when 57 is divided by -1*(-3 + -27)/u.
12
Let b = 9 - 25. Let g = 11 + b. Let x = g + 7. Calculate the remainder when 7 is divided by x.
1
Let d(u) = u**3 - 17*u**2 + 16*u + 4. Let o be d(16). Suppose -4*z - 7 + 79 = o*b, 3*b - 2*z - 34 = 0. What is the remainder when 39 is divided by b?
11
Let w be (-3 - (-1 + -70)) + 4. Suppose 9*b = 13*b - w. What is the remainder when 89 is divided by b?
17
Calculate the remainder when 179/3 - 6/9 is divided by (-7)/(15 + -14 - 4/3).
17
Let t(z) = z**3 - 7*z**2 - 8. Let y(k) = -k**3 + 7*k**2 + k + 8. Let w(g) = 6*t(g) + 5*y(g). What is the remainder when 102 is divided by w(7)?
21
Suppose 7*v - 26 = 79. Calculate the remainder when 27 is divided by v.
12
Suppose 0 = -5*q + 4*r + 115, 4*r + 56 + 36 = 4*q. What is the remainder when ((-24548)/19)/(-19) + -1 + -1 is divided by q?
20
Suppose -76 = -c - 4*x, 0 = 3*c - 7*x + 5*x - 228. What is the remainder when 225 is divided by c?
73
Suppose 5*t - a - 229 = 0, -6*t + 5*a + 245 = -t. Calculate the remainder when 62 is divided by t.
17
Let j(w) = -6*w**2 + 2*w - 1. Let f be j(1). Let r be f/5 - (1 + -43). Let a = r + -28. Calculate the remainder when a is divided by 7.
6
Let g(t) = 9*t**3 - t**2 + 5*t - 4. What is the remainder when (-32)/10*-5*2 is divided by g(1)?
5
Let b(k) = k**2 - 5*k - 13. Let w(c) = 4*c**2 - 14*c - 38. Let i(f) = -14*b(f) + 4*w(f). What is the remainder when i(-7) is divided by 8?
6
Let u(w) = w**3 - 3*w**2 - 7*w + 4. Let q be u(4). Let s(x) = 5*x + 16. Let l be s(q). Let c = 127 + l. What is the remainder when c is divided by 26?
25
Let h = -25 + 30. Suppose h*j + 3*j = 560. Calculate the remainder when j is divided by 24.
22
Let i(s) = 2*s**2 - s + 9. Let m be i(-9). Suppose 2*w = 5*w - m. Suppose -b - 1 = 4*a - 22, b - a = 21. Calculate the remainder when w is divided by b.
18
Let n = -77 + 238. Let r = n + -74. What is the remainder when r is divided by 11?
10
Let h = 307 - 303. Let s be (-33)/5 - 4/10. Let p = s - -19. What is the remainder when p is divided by h?
0
Let u(x) = 2*x**3 - 72*x**2 + 2*x - 58. What is the remainder when 41 is divided by u(36)?
13
Let p = 135 - 38. Suppose -6*f - 255 = -21*f. What is the remainder when p is divided by f?
12
Let n = 150 - 124. What is the remainder when 1513/15 + (-4)/(-30) is divided by n?
23
Suppose -158 = -3*d - 14. What is the remainder when d is divided by (-5559)/(-221) - 8/52?
23
Suppose 5*q + 276 - 701 = 0. Suppose a - 13 = -2*d + 3*d, 5*a = -5*d + q. What is the remainder when 26 is divided by a?
11
Calculate the remainder when 92 is divided by -1 + ((-284)/(-10) - 2/5).
11
Calculate the remainder when -14 + 5 - (3 + -147) is divided by 3.
0
Suppose 0 = -3*z + 2*g + 48, 3*z - 6*z = 2*g - 60. Suppose 23*r - 21*r + z = 0. Let s(n) = n**2 + 7*n - 7. What is the remainder when s(r) is divided by 6?
5
Suppose 4*j = 14*j - 4870. What is the remainder when j is divided by 70?
67
Suppose -183*p + 201*p - 774 = 0. Let y = 199 + -29. Calculate the remainder when y is divided by p.
41
Let c be (1136/48)/(1/6). Suppose 5*x - 168 = -4*d + 5*d, 4*x + 3*d - c = 0. What is the remainder when 203 is divided by x?
33
Let t(y) = -4*y**2 + 22*y - 4. Suppose 5*p - 120 = -15. Calculate the remainder when p is divided by t(5).
3
Let t(n) = n**3 + 11*n**2 - 15*n - 30. What is the remainder when 28 is divided by t(-12)?
4
What is the remainder when 35 is divided by (21/168)/((-6)/(-528))?
2
Let i = -19 + -6. Let j = i - -87. What is the remainder when j is divided by 17?
11
Let u = -9 - -9. Suppose -2*v - 3*n = 8 - 26, u = -v - 5*n + 9. What is the remainder when v is divided by 6?
3
Calculate the remainder when ((-8055)/60)/(-2 + (-15)/(-12)) is divided by 12.
11
Let s(a) = a**3 + 9*a**2 + 2*a + 6. Let v be s(-9). Let f = 42 + v. What is the remainder when 89 is divided by f?
29
Let g = 132 + -131. Let s = 19 + -18. What is the remainder when s is divided by g?
0
Suppose n + 6 = 86. Let h = 44 - -79. Let a = h - n. Calculate the remainder when a is divided by 11.
10
Suppose -i - 14 = -3*i - z, 0 = -3*i + 3*z + 12. Suppose 2*o + j = -j + 14, o + 11 = 5*j. Calculate the remainder when i is divided by o.
2
Let v = -743 - -751. What is the remainder when 14 is divided by v?
6
Suppose -77 = -v + 4*j + 7, 3*j + 87 = v. What is the remainder when 194 is divided by v?
2
Let o = -7 + 13. Let u be (-1)/4 + 6/(-8). Let a(m) = 17*m**2 - m - 1. Calculate the remainder when a(u) is divided by o.
5
Suppose -5*q = -4*d - 24, -4*q + d + 48 = 5*d. What is the remainder when 190 is divided by q?
6
Suppose 5*v = -m + 131, 4*v = 3*m + v - 357. Calculate the remainder when m is divided by 62.
59
Let g = 304 - -167. What is the remainder when g is divided by 34?
29
Let s(r) = -r**2 - 45*r - 113. Calculate the remainder when 22 is divided by s(-42).
9
Let j = 59 + -60. Let p = 15 - 2. Calculate the remainder when (1/(-2))/j + (-303)/(-6) is divided by p.
12
Suppose 3*n = 4*j - 13, -4*j - 4*n + 41 = -j. Suppose 2*l - 25 = -j. Calculate the remainder when (4/10)/((-1014)/255 - -4) is divided by l.
8
Suppose 2*j = 3*j - 11. Suppose 4*u - 45 = 35. What is the remainder when u is divided by j?
9
Let z be 12/((105/(-40))/(-7)). Let v = z + -18. Suppose -2*m - 2*r = -74, -4*m + 3*r + 2*r = -166. What is the remainder when m is divided by v?
11
Let l(a) = -2*a - 8. Let q be l(-5). Suppose q*b + 0*s - 3*s - 118 = 0, -s = 2*b - 126. What is the remainder when b is divided by 21?
20
Let m(l) = -l + 7. Let p be m(5). Suppose 3*s - 60 = -3*b, 4*b = s + 3 + 2. Calculate the remainder when (4/6)/(p/126) is divided by s.
12
Suppose 2 = -5*r + 117. Calculate the remainder when (-65)/2*882/(-315) is divided by r.
22
Let f(s) = s**2 + 15*s - 16. Let u = 9 + -21. Let r be f(u). Let i = r - -131. Calculate the remainder when i is divided by 27.
25
Suppose 0 = 3*u - 8*u - 2*x + 25, -3*x = 4*u - 20. Suppose -5*g + 37 - 12 = u*l, 5*l - 5*g = -5. Calculate the remainder when 5 is divided by l.
1
Suppose -2*n + 4*g + 198 = 0, -4*g + 7*g - 374 = -4*n. W